{"id":2888,"date":"2025-07-21T10:51:39","date_gmt":"2025-07-21T10:51:39","guid":{"rendered":"https:\/\/www.cremma.com.tr\/?page_id=2888"},"modified":"2026-01-15T07:09:34","modified_gmt":"2026-01-15T07:09:34","slug":"mid-end-menu","status":"publish","type":"page","link":"https:\/\/www.cremma.com.tr\/eng\/mid-end-menu\/","title":{"rendered":"Mid End"},"content":{"rendered":"<div class=\"wpb-content-wrapper\"><p>[vc_row full_width=&#8221;stretch_row_content&#8221;][vc_column][vc_column_text]<\/p>\n<figure class=\"wp-block-table\">\n<table>\n<tbody>\n<tr>\n<td><code><code><code><div class=\"_df_book df-lite\" id=\"df_2884\"  _slug=\"mid-end\" data-title=\"mid-end\" wpoptions=\"true\" thumbtype=\"\" ><\/div><script class=\"df-shortcode-script\" nowprocket type=\"application\/javascript\">window.option_df_2884 = {\"outline\":[],\"backgroundColor\":\"#f5f5f5\",\"autoEnableOutline\":\"false\",\"autoEnableThumbnail\":\"false\",\"overwritePDFOutline\":\"false\",\"direction\":\"1\",\"pageSize\":\"0\",\"soundEnable\":\"false\",\"source\":\"https:\\\/\\\/www.cremma.com.tr\\\/wp-content\\\/uploads\\\/2025\\\/07\\\/MID-END-TR.pdf\",\"wpOptions\":\"true\"}; if(window.DFLIP && window.DFLIP.parseBooks){window.DFLIP.parseBooks();}<\/script><\/code><\/code><\/code><\/td>\n<\/tr>\n<\/tbody>\n<\/table>\n<figcaption><\/figcaption>\n<figcaption class=\"wp-element-caption\"><\/figcaption>\n<p style=\"text-align: center;\"><strong>K\u00fc\u00e7\u00fckyal\u0131 \u015eubesinde<\/strong> ge\u00e7erlidir.<\/p>\n<\/figure>\n\n<p>&nbsp;<\/p>\n<p>[\/vc_column_text][\/vc_column][\/vc_row]<\/p><\/div>","protected":false},"excerpt":{"rendered":"<p>[vc_row full_width=&#8221;stretch_row_content&#8221;][vc_column][vc_column_text] K\u00fc\u00e7\u00fckyal\u0131 \u015eubesinde ge\u00e7erlidir. &nbsp; [\/vc_column_text][\/vc_column][\/vc_row]<\/p>\n","protected":false},"author":1,"featured_media":0,"parent":0,"menu_order":0,"comment_status":"closed","ping_status":"closed","template":"","meta":{"slim_seo":{"title":"CREMMA \/ Coffee &bull; Dessert &bull; Bakery","description":"[:tr] [vc_row full_width=\"stretch_row_content\"][vc_column][vc_column_text] K\u00fc\u00e7\u00fckyal\u0131 \u015eubesinde ge\u00e7erlidir. &nbsp; [\/vc_column_text][\/vc_column][\/vc_row] [:]"},"_vp_format_video_url":"","_vp_image_focal_point":[],"_vp_custom_popup_image":0,"_vp_format_audio_url":"","_vp_custom_thumbnail":0,"_vp_custom_thumbnail_focal_point":[],"_vp_hover_thumbnail":0,"_vp_hover_thumbnail_focal_point":[],"footnotes":""},"class_list":["post-2888","page","type-page","status-publish","hentry"],"acf":[],"_links":{"self":[{"href":"https:\/\/www.cremma.com.tr\/eng\/wp-json\/wp\/v2\/pages\/2888","targetHints":{"allow":["GET"]}}],"collection":[{"href":"https:\/\/www.cremma.com.tr\/eng\/wp-json\/wp\/v2\/pages"}],"about":[{"href":"https:\/\/www.cremma.com.tr\/eng\/wp-json\/wp\/v2\/types\/page"}],"author":[{"embeddable":true,"href":"https:\/\/www.cremma.com.tr\/eng\/wp-json\/wp\/v2\/users\/1"}],"replies":[{"embeddable":true,"href":"https:\/\/www.cremma.com.tr\/eng\/wp-json\/wp\/v2\/comments?post=2888"}],"version-history":[{"count":4,"href":"https:\/\/www.cremma.com.tr\/eng\/wp-json\/wp\/v2\/pages\/2888\/revisions"}],"predecessor-version":[{"id":3169,"href":"https:\/\/www.cremma.com.tr\/eng\/wp-json\/wp\/v2\/pages\/2888\/revisions\/3169"}],"wp:attachment":[{"href":"https:\/\/www.cremma.com.tr\/eng\/wp-json\/wp\/v2\/media?parent=2888"}],"curies":[{"name":"wp","href":"https:\/\/api.w.org\/{rel}","templated":true}]}}